What is the hundred thousands digit of 55044049?
0
What is the tens digit of 242139440?
4
What is the hundred thousands digit of 151492021?
4
What is the ten millions digit of 36015428?
3
What is the units digit of 42402292?
2
What is the hundred millions digit of 435598097?
4
What is the hundreds digit of 306834137?
1
What is the hundreds digit of 1167752719?
7
What is the tens digit of 818954991?
9
What is the millions digit of 2135206?
2
What is the tens digit of 534946825?
2
What is the ten thousands digit of 75883626?
8
What is the millions digit of 60915830?
0
What is the tens digit of 2201298756?
5
What is the millions digit of 314922408?
4
What is the millions digit of 750429381?
0
What is the thousands digit of 3037148695?
8
What is the millions digit of 49957014?
9
What is the units digit of 212646523?
3
What is the thousands digit of 292223532?
3
What is the ten thousands digit of 42611666?
1
What is the ten thousands digit of 358130184?
3
What is the billions digit of 1926348253?
1
What is the thousands digit of 538961929?
1
What is the billions digit of 4343404091?
4
What is the tens digit of 56330327?
2
What is the hundreds digit of 226454102?
1
What is the tens digit of 27932526?
2
What is the thousands digit of 1251896710?
6
What is the thousands digit of 3896771627?
1
What is the ten millions digit of 2409909947?
0
What is the hundreds digit of 15829725?
7
What is the hundred thousands digit of 194769393?
7
What is the millions digit of 345862243?
5
What is the tens digit of 320190953?
5
What is the ten millions digit of 367339961?
6
What is the thousands digit of 5673727?
3
What is the hundred thousands digit of 225643872?
6
What is the thousands digit of 64973510?
3
What is the millions digit of 338489199?
8
What is the hundreds digit of 214854671?
6
What is the units digit of 131441517?
7
What is the millions digit of 9436263?
9
What is the hundreds digit of 50545264?
2
What is the hundred millions digit of 165490681?
1
What is the millions digit of 188059877?
8
What is the hundred thousands digit of 86904176?
9
What is the tens digit of 100390954?
5
What is the hundred thousands digit of 77879865?
8
What is the thousands digit of 2141722173?
2
What is the ten thousands digit of 32782292?
8
What is the units digit of 419346130?
0
What is the tens digit of 101908605?
0
What is the tens digit of 98191013?
1
What is the tens digit of 126445626?
2
What is the tens digit of 106304819?
1
What is the tens digit of 6590676?
7
What is the millions digit of 119252027?
9
What is the thousands digit of 443253707?
3
What is the hundreds digit of 21976226?
2
What is the units digit of 43716173?
3
What is the hundred millions digit of 340403811?
3
What is the ten millions digit of 292664310?
9
What is the millions digit of 187506733?
7
What is the billions digit of 4526324795?
4
What is the millions digit of 78038182?
8
What is the ten thousands digit of 21887294?
8
What is the hundred millions digit of 273531732?
2
What is the units digit of 1277919407?
7
What is the hundreds digit of 16724603?
6
What is the thousands digit of 119991369?
1
What is the hundred millions digit of 3621095578?
6
What is the ten millions digit of 81407252?
8
What is the ten millions digit of 1280182678?
8
What is the hundred thousands digit of 112515941?
5
What is the hundred thousands digit of 105178066?
1
What is the ten millions digit of 34566453?
3
What is the ten millions digit of 16035888?
1
What is the hundred millions digit of 304360601?
3
What is the millions digit of 900682715?
0
What is the units digit of 160510436?
6
What is the hundreds digit of 1711688947?
9
What is the hundred thousands digit of 17016841?
0
What is the hundreds digit of 38789526?
5
What is the ten thousands digit of 920427871?
2
What is the hundred millions digit of 200141506?
2
What is the tens digit of 53182614?
1
What is the hundred millions digit of 378081749?
3
What is the units digit of 24492985?
5
What is the units digit of 96662769?
9
What is the hundred thousands digit of 237168536?
1
What is the hundred thousands digit of 5610970334?
9
What is the hundreds digit of 424241791?
7
What is the billions digit of 1341171841?
1
What is the thousands digit of 73102837?
2
What is the thousands digit of 803139996?
9
What is the hundred thousands digit of 2206528651?
5
What is the ten thousands digit of 593207?
9
What is the millions digit of 129912391?
9
What is the millions digit of 53063427?
3
What is the hundreds digit of 46751698?
6
What is the millions digit of 88752353?
8
What is the millions digit of 4559157?
4
What is the tens digit of 166358841?
4
What is the ten millions digit of 1152506017?
5
What is the millions digit of 363417596?
3
What is the hundred millions digit of 109061598?
1
What is the tens digit of 57351628?
2
What is the millions digit of 225003403?
5
What is the tens digit of 7356241434?
3
What is the hundreds digit of 160933745?
7
What is the units digit of 4641716188?
8
What is the hundred thousands digit of 252261385?
2
What is the billions digit of 1719829593?
1
What is the hundreds digit of 57211732?
7
What is the ten millions digit of 4504113931?
0
What is the hundreds digit of 933768859?
8
What is the units digit of 38075784?
4
What is the hundreds digit of 2921593405?
4
What is the units digit of 67435400?
0
What is the millions digit of 728869532?
8
What is the thousands digit of 64953529?
3
What is the hundred thousands digit of 872117416?
1
What is the ten millions digit of 84088844?
8
What is the ten millions digit of 530917803?
3
What is the ten thousands digit of 7124245333?
4
What is the thousands digit of 98799237?
9
What is the hundred millions digit of 1065833042?
0
What is the millions digit of 1716960156?
6
What is the hundred thousands digit of 720072378?
0
What is the hundred thousands digit of 1738276616?
2
What is the thousands digit of 34901439?
1
What is the hundreds digit of 2509282930?
9
What is the units digit of 867690544?
4
What is the tens digit of 396773303?
0
What is the ten thousands digit of 14620242?
2
What is the units digit of 83456452?
2
What is the hundred millions digit of 5046790990?
0
What is the ten thousands digit of 72722220?
2
What is the hundred millions digit of 392956938?
3
What is the hundred thousands digit of 1506581573?
5
What is the ten millions digit of 44015371?
4
What is the units digit of 310573694?
4
What is the hundreds digit of 38217826?
8
What is the ten thousands digit of 1942005891?
0
What is the hundreds digit of 335377905?
9
What is the tens digit of 23760682?
8
What is the millions digit of 52267212?
2
What is the units digit of 79284104?
4
What is the ten thousands digit of 2801186?
0
What is the millions digit of 19368301?
9
What is the units digit of 1543498973?
3
What is the thousands digit of 28779624?
9
What is the millions digit of 332105542?
2
What is the units digit of 242838630?
0
What is the tens digit of 146362660?
6
What is the ten thousands digit of 2630984137?
8
What is the units digit of 68377381?
1
What is the millions digit of 445144945?
5
What is the tens digit of 57033644?
4
What is the hundred thousands digit of 237945142?
9
What is the hundred millions digit of 2987106886?
9
What is the billions digit of 2724842326?
2
What is the units digit of 5990342?
2
What is the thousands digit of 365702663?
2
What is the ten thousands digit of 4714380054?
8
What is the ten millions digit of 44291329?
4
What is the ten millions digit of 1596776371?
9
What is the ten thousands digit of 4285034491?
3
What is the ten millions digit of 25290139?
2
What is the thousands digit of 616884952?
4
What is the ten thousands digit of 113142836?
4
What is the hundred thousands digit of 31229124?
2
What is the millions digit of 169777784?
9
What is the thousands digit of 33306271?
6
What is the ten millions digit of 1021495426?
2
What is the ten thousands digit of 353689483?
8
What is the units digit of 41941760?
0
What is the thousands digit of 880610137?
0
What is the billions digit of 1649035210?
1
What is the millions digit of 3810135912?
0
What is the ten millions digit of 27291881?
2
What is the hundred thousands digit of 42936941?
9
What is the hundreds digit of 33871804?
8
What 